06 - 2547. Let j = y - 819. Suppose -3*i = i - j. What is the tens digit of i?
3
Suppose 0*p + 3*d = 4*p + 77, 2*p + 41 = -d. Let v = -29 - p. Let z = 24 + v. What is the tens digit of z?
1
Suppose 45 - 24 = 7*g. Let x be (-10)/35 + 128/7. What is the units digit of ((-6)/x)/((-408)/135 + g)?
5
Let z(x) = -x**2 - 19*x + 39. Let h be z(-20). Suppose -h*r + 9102 - 1065 = 0. What is the hundreds digit of r?
4
Suppose 5*v = -v + 12. Suppose 3*k - 472 = -v*u, -312 = -2*k + u - 3*u. What is the hundreds digit of k?
1
Let m = 52 + -52. Suppose m = -4*d - 5*y + 728, -3*y = 5*d - 1185 + 288. Suppose -6*n + d = -3*n. What is the units digit of n?
9
Suppose 14*g - 5700 = 9*g. Suppose -4283 + g = -7*l. What is the units digit of l?
9
Let f = -109 + 109. Suppose -x - 153 = -d - 5*x, f = d - 2*x - 183. What is the tens digit of d?
7
Let q be ((-27)/(-2))/(1/(-6)). Suppose 0*z - 62 = -31*z. What is the tens digit of (-1107)/q + z/6?
1
Let h be 12/3 + -4 - 8/(-1). Suppose -8*s = -10*s + h. Suppose 0*w = -s*p + 5*w + 137, -3*p + 97 = 2*w. What is the units digit of p?
3
Let h(k) be the third derivative of -77*k**4/24 - 107*k**3/6 - 57*k**2. What is the hundreds digit of h(-12)?
8
Let r = 1592 - -6488. What is the hundreds digit of r?
0
Let b(v) = 44*v - 47. Let c be (9/4)/(-1 + 77/56). What is the units digit of b(c)?
7
Suppose -11*i + 5*i + 2454 = 0. Let d be i*(5 - 3)/(-2). Let v = d + 629. What is the hundreds digit of v?
2
Let o(r) = -2084 + 3770 - 1948 + 174*r. What is the hundreds digit of o(4)?
4
What is the units digit of (-2)/10 + 37928/40 + 36/(-6)?
2
Suppose 2*r - 506 = -210. Let g(p) = -72 + r - 68 + 8*p. What is the units digit of g(2)?
4
Let i(z) = 35*z**2 - 10*z + 43. Let t be i(7). Suppose -t = -537*s + 533*s. What is the units digit of s?
2
Suppose -107*n + 106*n = 1, -29291 = -w + n. What is the ten thousands digit of w?
2
Suppose -3*t - 3*p = -8*t + 137, -71 = -3*t - p. Suppose -t*b + 19*b = -3768. What is the units digit of b?
8
Let d = 44 + -118. Let s be 16 + 864/14 + 2/7. Let p = d + s. What is the units digit of p?
4
Suppose 5 + 510 = 5*i. Let y = -101 + i. Suppose -y*x = -w - 11 - 143, 0 = 5*x - 3*w - 384. What is the units digit of x?
8
Let l(o) = 4601*o - 66. What is the hundreds digit of l(4)?
3
Suppose 2*o + 2*v = 10936, -3*v + 0*v = -5*o + 27380. What is the thousands digit of o?
5
Suppose -4*y = 4*p + 5 - 33, -y - 5 = -5*p. Suppose 5*i + 19 = -2*v, -4*v + 0*i + 2 = p*i. Suppose v*m - 3 = 0, f - 54 - 10 = -m. What is the tens digit of f?
6
Let x(k) = 20*k**3 + 5*k - 3*k**2 + 5 - k - 2 - 26*k**3. What is the hundreds digit of x(-4)?
3
Suppose -5*p + 3*y = -1950, 780 = 2*p + 12*y - 7*y. Suppose 0 = 4*g - 1566 - p. What is the units digit of g?
9
Suppose 6*a - 124 = 116. What is the hundreds digit of (-4 - 1)*(-2536)/a?
3
What is the hundreds digit of 219893/6 + (-6)/162*(-36)/8?
6
Let v(z) = -z**3 - 11*z**2 - 2*z + 18. Suppose -2*a = 3*p - 0*p + 34, -4 = p. Let c be v(a). Let k = c + 31. What is the units digit of k?
1
Let f be (-792)/(-45)*((-175)/(-2) - 0). Suppose -8*u - f = -12*u. What is the hundreds digit of u?
3
Let q be (1 - 0) + 21/((-105)/20). What is the units digit of q + (-26)/(-10) + (-34)/(-10)?
3
Let q = 9 + -7. Suppose -3*x + 31 = x - 5*d, 0 = -q*x + d + 17. Suppose -x = -6*p + 33. What is the units digit of p?
7
Suppose 0 = -5*a - 556 + 4361. Let t = a - 491. Let r = -71 + t. What is the tens digit of r?
9
Let c = 24 + -19. Suppose -386 + 96 = 5*z + c*g, 3*z - 3*g = -162. What is the units digit of ((-80)/z)/(2/70)?
0
Let m(d) = 10*d**2 + 6*d - 60. Let j(u) = -u**2 + 1. Let w(b) = 3*j(b) + m(b). What is the units digit of w(-10)?
3
Let k be 2/2 - (-42 - 0). Suppose -7*q - 1116 + 1046 = 0. Let b = k - q. What is the units digit of b?
3
Suppose -5*y + 24 = -1. Suppose 0 = 3*l - 13 - y. Suppose -40 + 112 = l*c. What is the units digit of c?
2
Suppose -3*b - 1792 = -3*p - 2*b, 5*p = 4*b + 2989. Suppose -2*o + 5*s + 598 = s, 5*s = 2*o - p. What is the tens digit of o?
0
Let q = -234 - -240. Let d(x) = x**2 - 4*x + 39. What is the units digit of d(q)?
1
Let v = 57 + -9. Let d = v + -45. Suppose -93 = -0*r - d*r. What is the units digit of r?
1
Suppose -403 = 3*a + 272. Let j = a - -150. Let m = j + 190. What is the hundreds digit of m?
1
Let l be 64/5*(-55)/(-2) - 2. Let u = l + -222. Suppose -4*r + 6*r - u = 0. What is the units digit of r?
4
Let i(j) = 2*j**3 + 67*j**2 - 11*j - 26. Let d be i(-31). Suppose -h - 4*h = -5*b + d, -b + 3*h + 1030 = 0. What is the hundreds digit of b?
0
What is the units digit of (-2887 - 2)*(-12)/4?
7
Let t(o) be the second derivative of -17*o**3/6 + 51*o**2 - o + 8. What is the units digit of t(-16)?
4
Let j be 1 - -2 - 2*2. What is the units digit of (-72)/(-8)*j*-66?
4
Suppose 2*n + 7*n - 14769 = 0. Let b = -835 + n. What is the hundreds digit of b?
8
Let c be 5/((-1)/(1/(1/(-1)))). Let u be ((-32)/(-80))/(2/c). What is the tens digit of (3 - 4)/((-1)/36) + u?
3
Suppose 3*c - 18967 = -5*r, -11*r + 8*r + 11389 = 4*c. What is the units digit of r?
1
Let m = 4770 + -957. What is the thousands digit of m?
3
Let p(m) = 13*m - 59. Let n = -49 + 54. What is the units digit of p(n)?
6
Let i be (8/52 - 336/(-520))*300. Let n = 751 - i. What is the tens digit of n?
1
Suppose m = -4*q + 4130, 2*q = -2*m + 5*q + 8238. Suppose 30*p - m = 12*p. What is the hundreds digit of p?
2
Let g = 112 + -112. Suppose g = -5*q + 2*h - 34, -h - h + 4 = 0. What is the tens digit of (87/q)/(-3 + 51/18)?
8
Let z = 24022 - 12660. What is the hundreds digit of z?
3
Suppose 0 = -46*r - 476*r + 1961676. What is the units digit of r?
8
Let h(v) = 469*v - 827. What is the tens digit of h(13)?
7
Let f(z) = 18*z - 23. Let p be ((-2)/(-11) - (-378)/99) + -2. What is the units digit of f(p)?
3
Let c(g) = g**3 - 18 - 11 - 4*g**2 + g - 11 + 38. Let z be c(4). What is the units digit of z + 184 - (-12 + 7)?
1
Suppose -48*c + 49*c = -326. Let f = -132 - c. What is the tens digit of f?
9
Suppose 6 = -4*u - 7*j + 4*j, -5*u = -4*j - 8. Let o(z) be the first derivative of z**4/4 + 2*z**2 + 78*z - 1. What is the tens digit of o(u)?
7
Suppose 4*x = s - 27424, 31*s = 29*s - 4*x + 54884. What is the tens digit of s?
3
Suppose 3*t = -18 + 9, 3*t - 7026 = -3*c. What is the thousands digit of c?
2
Suppose -2*i + 2*z = -2822, 3*i + 20*z - 17*z - 4215 = 0. What is the tens digit of i?
0
Let q(l) = -161*l - 61. Let u be q(-20). Suppose -u = -35*m + 22*m. What is the hundreds digit of m?
2
Let b(i) be the third derivative of i**4/24 + 2*i**3 - 8*i**2. Let h be b(-9). Suppose 3*a - h*r + 6 = 0, 0*a - 4*r = a - 13. What is the units digit of a?
1
Let p(a) = 256*a**2 - 2*a + 1. Let z be p(-1). Let m = 461 - z. What is the units digit of m?
2
Suppose 30581*p = 30610*p - 1827696. What is the thousands digit of p?
3
Let v(y) be the second derivative of 295*y**4/6 - 4*y**3/3 + 3*y**2 + 116*y. What is the hundreds digit of v(1)?
5
Let h(k) = 7*k + 2*k - 56 - 33*k**2 - 4*k**3 - 11*k - 3*k**3 + 6*k**3. What is the units digit of h(-33)?
0
What is the tens digit of (-5)/15 + (-9953164)/(-156)?
0
Let r(c) = 37*c**3 + 2*c**2 + 7*c + 10. Let t(w) = 35*w**3 + w**2 + 6*w + 9. Let o(j) = -3*r(j) + 2*t(j). What is the hundreds digit of o(-2)?
3
Let m(z) = z**3 - 4*z**2 - 25*z - 3. Let p(c) = -2*c**3 + 5*c**2 + 6*c + 1. Let b be p(3). What is the tens digit of m(b)?
4
Let w be 6 + 65/(-20) - (-6)/(-8). What is the units digit of (4/(-1))/((-372)/183 + w)?
2
Suppose 2366 = -10*j - 2424. Let u = j + 863. Suppose -5*y = -8*y + u. What is the hundreds digit of y?
1
What is the thousands digit of (-48)/(-960)*452050 - (1 + (-2)/4)?
2
Let j = 716 + -711. What is the units digit of (-315)/42*(-124)/j?
6
Suppose 4160 = 3*t - 1127 - 287. What is the thousands digit of t?
1
Let p(y) = -y**2 + y + 8. Let i be p(3). Let a(f) = -22 + 2*f + 6*f**i + 14*f - 5*f**2. What is the hundreds digit of a(10)?
2
Let i(v) = -v**2 + 40*v - 13. What is the hundreds digit of i(22)?
3
Let y(r) = 619*r**3 + 13*r**2 + 19*r + 20. Let l be y(-10). What is the tens digit of l/(-656) + 1/8?
4
Let d = 68 + 325. Let q = -135 + d. What is the tens digit of q?
5
What is the thousands digit of 3*66/12*1898/3?
0
Let f be 3/(-2) + 86/(-4). Let g = 61 + f. Let k = g + -26. What is the units digit of 